What is the remainder when 1080 is divided by 23?
22
Calculate the remainder when 106 is divided by 28.
22
What is the remainder when 59 is divided by 5?
4
What is the remainder when 79 is divided by 16?
15
Calculate the remainder when 207 is divided by 37.
22
What is the remainder when 853 is divided by 222?
187
What is the remainder when 9814 is divided by 12?
10
What is the remainder when 1484 is divided by 1472?
12
Calculate the remainder when 517 is divided by 37.
36
What is the remainder when 521 is divided by 57?
8
Calculate the remainder when 123 is divided by 20.
3
What is the remainder when 550 is divided by 156?
82
Calculate the remainder when 2036 is divided by 675.
11
What is the remainder when 51 is divided by 26?
25
Calculate the remainder when 239 is divided by 31.
22
Calculate the remainder when 424 is divided by 39.
34
Calculate the remainder when 213 is divided by 46.
29
What is the remainder when 30 is divided by 3?
0
What is the remainder when 1036 is divided by 8?
4
Calculate the remainder when 19295 is divided by 18.
17
What is the remainder when 209 is divided by 10?
9
Calculate the remainder when 1862 is divided by 620.
2
What is the remainder when 134 is divided by 34?
32
Calculate the remainder when 111 is divided by 12.
3
What is the remainder when 505 is divided by 39?
37
What is the remainder when 2957 is divided by 37?
34
What is the remainder when 8047 is divided by 115?
112
Calculate the remainder when 839 is divided by 70.
69
What is the remainder when 18413 is divided by 6137?
2
Calculate the remainder when 8526 is divided by 52.
50
What is the remainder when 227 is divided by 38?
37
What is the remainder when 309 is divided by 26?
23
What is the remainder when 1342 is divided by 85?
67
Calculate the remainder when 204 is divided by 69.
66
What is the remainder when 30 is divided by 20?
10
Calculate the remainder when 102 is divided by 92.
10
What is the remainder when 768 is divided by 198?
174
Calculate the remainder when 828 is divided by 69.
0
What is the remainder when 242 is divided by 31?
25
What is the remainder when 93 is divided by 25?
18
Calculate the remainder when 91 is divided by 57.
34
What is the remainder when 230 is divided by 3?
2
Calculate the remainder when 165 is divided by 161.
4
What is the remainder when 3324 is divided by 52?
48
Calculate the remainder when 8 is divided by 6.
2
What is the remainder when 1163 is divided by 12?
11
What is the remainder when 507 is divided by 34?
31
What is the remainder when 2269 is divided by 188?
13
What is the remainder when 105 is divided by 4?
1
What is the remainder when 224 is divided by 50?
24
What is the remainder when 393 is divided by 18?
15
What is the remainder when 1993 is divided by 977?
39
Calculate the remainder when 106 is divided by 37.
32
Calculate the remainder when 205 is divided by 55.
40
What is the remainder when 239 is divided by 82?
75
What is the remainder when 586 is divided by 123?
94
What is the remainder when 7347 is divided by 25?
22
What is the remainder when 9219 is divided by 15?
9
Calculate the remainder when 1236 is divided by 62.
58
Calculate the remainder when 17 is divided by 6.
5
Calculate the remainder when 130 is divided by 70.
60
Calculate the remainder when 84 is divided by 51.
33
What is the remainder when 854 is divided by 70?
14
Calculate the remainder when 122 is divided by 18.
14
Calculate the remainder when 207 is divided by 30.
27
What is the remainder when 6 is divided by 6?
0
Calculate the remainder when 414 is divided by 21.
15
Calculate the remainder when 44 is divided by 19.
6
What is the remainder when 165 is divided by 69?
27
What is the remainder when 1411 is divided by 106?
33
Calculate the remainder when 681 is divided by 18.
15
What is the remainder when 185 is divided by 39?
29
Calculate the remainder when 768 is divided by 55.
53
Calculate the remainder when 1665 is divided by 12.
9
Calculate the remainder when 58966 is divided by 24.
22
What is the remainder when 185 is divided by 93?
92
What is the remainder when 1162 is divided by 104?
18
What is the remainder when 102 is divided by 12?
6
Calculate the remainder when 240 is divided by 46.
10
What is the remainder when 576 is divided by 27?
9
What is the remainder when 80 is divided by 33?
14
Calculate the remainder when 743 is divided by 186.
185
Calculate the remainder when 1441 is divided by 60.
1
Calculate the remainder when 473 is divided by 25.
23
What is the remainder when 67 is divided by 31?
5
Calculate the remainder when 19197 is divided by 24.
21
What is the remainder when 2066 is divided by 138?
134
Calculate the remainder when 2752 is divided by 18.
16
Calculate the remainder when 33 is divided by 10.
3
Calculate the remainder when 189 is divided by 87.
15
Calculate the remainder when 1070 is divided by 102.
50
Calculate the remainder when 710 is divided by 229.
23
Calculate the remainder when 640 is divided by 92.
88
What is the remainder when 167 is divided by 56?
55
Calculate the remainder when 2061 is divided by 86.
83
Calculate the remainder when 471 is divided by 43.
41
Calculate the remainder when 328 is divided by 6.
4
What is the remainder when 5602 is divided by 12?
10
What is the remainder when 207 is divided by 47?
19
What is the remainder when 711 is divided by 23?
21
Calculate the remainder when 321 is divided by 11.
2
What is the remainder when 48 is divided by 11?
4
What is the remainder when 230 is divided by 39?
35
Calculate the remainder when 229 is divided by 60.
49
What is the remainder when 345 is divided by 14?
9
Calculate the remainder when 14 is divided by 6.
2
What is the remainder when 127 is divided by 53?
21
Calculate the remainder when 963 is divided by 320.
3
Calculate the remainder when 364 is divided by 63.
49
What is the remainder when 287 is divided by 32?
31
Calculate the remainder when 6222 is divided by 240.
222
Calculate the remainder when 753 is divided by 27.
24
What is the remainder when 8948 is divided by 1277?
9
Calculate the remainder when 14278 is divided by 120.
118
Calculate the remainder when 254 is divided by 8.
6
Calculate the remainder when 186 is divided by 67.
52
Calculate the remainder when 81 is divided by 34.
13
What is the remainder when 110 is divided by 14?
12
What is the remainder when 874 is divided by 51?
7
Calculate the remainder when 308 is divided by 52.
48
What is the remainder when 40 is divided by 2?
0
Calculate the remainder when 1063 is divided by 109.
82
Calculate the remainder when 706 is divided by 21.
13
What is the remainder when 396 is divided by 13?
6
What is the remainder when 2322 is divided by 33?
12
Calculate the remainder when 1176 is divided by 194.
12
What is the remainder when 5642 is divided by 209?
208
Calculate the remainder when 1729 is divided by 34.
29
Calculate the remainder when 207 is divided by 48.
15
What is the remainder when 5131 is divided by 156?
139
What is the remainder when 294 is divided by 131?
32
Calculate the remainder when 715 is divided by 28.
15
What is the remainder when 898 is divided by 60?
58
Calculate the remainder when 321 is divided by 36.
33
Calculate the remainder when 1252 is divided by 63.
55
What is the remainder when 3198 is divided by 97?
94
Calculate the remainder when 434 is divided by 126.
56
Calculate the remainder when 269 is divided by 268.
1
What is the remainder when 105 is divided by 36?
33
Calculate the remainder when 319 is divided by 220.
99
What is the remainder when 3064 is divided by 9?
4
What is the remainder when 38584 is divided by 47?
44
Calculate the remainder when 302 is divided by 76.
74
Calculate the remainder when 21974 is divided by 54.
50
Calculate the remainder when 72 is divided by 15.
12
Calculate the remainder when 18 is divided by 10.
8
What is the remainder when 97 is divided by 7?
6
Calculate the remainder when 456 is divided by 46.
42
Calculate the remainder when 2512 is divided by 133.
118
What is the remainder when 84 is divided by 8?
4
Calculate the remainder when 1035 is divided by 20.
15
Calculate the remainder when 1963 is divided by 123.
118
What is the remainder when 137 is divided by 7?
4
Calculate the remainder when 67 is divided by 12.
7
Calculate th